{"id":96,"date":"2022-12-29T11:10:29","date_gmt":"2022-12-29T11:10:29","guid":{"rendered":"http:\/\/nemetiimrealapitvany.hu\/tg\/?page_id=96"},"modified":"2025-09-17T13:44:34","modified_gmt":"2025-09-17T13:44:34","slug":"dokumentumok","status":"publish","type":"page","link":"https:\/\/nemetiimrealapitvany.hu\/?page_id=96","title":{"rendered":"DOKUMENTUMOK"},"content":{"rendered":"<blockquote><p><a href=\"http:\/\/nemetiimrealapitvany.hu\/wp-content\/uploads\/2022\/12\/Palyazati_felhivas_2023.docx\">P\u00e1ly\u00e1zati felh\u00edv\u00e1s 2023. (docx)<\/a><\/p><\/blockquote>\n<blockquote><p><a href=\"http:\/\/nemetiimrealapitvany.hu\/wp-content\/uploads\/2022\/12\/Palyazati_felhivas_2023.pdf\">P\u00e1ly\u00e1zati felh\u00edv\u00e1s 2023. (pdf)<\/a><\/p><\/blockquote>\n<blockquote><p>\n<a href=\"http:\/\/nemetiimrealapitvany.hu\/wp-content\/uploads\/2022\/12\/Palyazati_adatlap_2023.docx\">P\u00e1ly\u00e1zati adatlap 2023. (docx)<\/a><\/p><\/blockquote>\n<blockquote><p>\n<a href=\"http:\/\/nemetiimrealapitvany.hu\/wp-content\/uploads\/2022\/12\/Palyazati_adatlap_2023.pdf\">P\u00e1ly\u00e1zati adatlap 2023. (pdf)<\/a><\/p><\/blockquote>\n<p><a href=\"http:\/\/nemetiimrealapitvany.hu\/wp-content\/uploads\/2022\/12\/birosagi_nyilvantartasi_adatok.pdf\">B\u00edr\u00f3s\u00e1gi nyilv\u00e1ntart\u00e1si adatok<\/a><\/p>\n<p><a href=\"http:\/\/nemetiimrealapitvany.hu\/wp-content\/uploads\/2022\/12\/merleg2019.pdf\">M\u00e9rleg 2019.<\/a><br \/>\n<a href=\"http:\/\/nemetiimrealapitvany.hu\/wp-content\/uploads\/2022\/12\/merleg2020.pdf\">M\u00e9rleg 2020.<\/a><br \/>\n<a href=\"http:\/\/nemetiimrealapitvany.hu\/wp-content\/uploads\/2022\/12\/merleg2021.pdf\">M\u00e9rleg 2021.<\/a><br \/>\n<a href=\"http:\/\/nemetiimrealapitvany.hu\/wp-content\/uploads\/2022\/12\/merleg2022.pdf\">M\u00e9rleg 2022.<\/a><br \/>\n<a href=\"http:\/\/nemetiimrealapitvany.hu\/wp-content\/uploads\/2022\/12\/merleg2023.pdf\">M\u00e9rleg 2023.<\/a><br \/>\n<a href=\"http:\/\/nemetiimrealapitvany.hu\/wp-content\/uploads\/2022\/12\/merleg2024.pdf\">M\u00e9rleg 2024.<\/a><\/p>\n","protected":false},"excerpt":{"rendered":"<p>P\u00e1ly\u00e1zati felh\u00edv\u00e1s 2023. (docx) P\u00e1ly\u00e1zati felh\u00edv\u00e1s 2023. (pdf) P\u00e1ly\u00e1zati adatlap 2023. (docx) P\u00e1ly\u00e1zati adatlap 2023. (pdf) B\u00edr\u00f3s\u00e1gi nyilv\u00e1ntart\u00e1si adatok M\u00e9rleg 2019. M\u00e9rleg 2020. M\u00e9rleg 2021. M\u00e9rleg 2022. M\u00e9rleg 2023. M\u00e9rleg 2024.<\/p>\n","protected":false},"author":1,"featured_media":0,"parent":0,"menu_order":0,"comment_status":"closed","ping_status":"closed","template":"","meta":{"footnotes":""},"class_list":["post-96","page","type-page","status-publish","hentry"],"_links":{"self":[{"href":"https:\/\/nemetiimrealapitvany.hu\/index.php?rest_route=\/wp\/v2\/pages\/96","targetHints":{"allow":["GET"]}}],"collection":[{"href":"https:\/\/nemetiimrealapitvany.hu\/index.php?rest_route=\/wp\/v2\/pages"}],"about":[{"href":"https:\/\/nemetiimrealapitvany.hu\/index.php?rest_route=\/wp\/v2\/types\/page"}],"author":[{"embeddable":true,"href":"https:\/\/nemetiimrealapitvany.hu\/index.php?rest_route=\/wp\/v2\/users\/1"}],"replies":[{"embeddable":true,"href":"https:\/\/nemetiimrealapitvany.hu\/index.php?rest_route=%2Fwp%2Fv2%2Fcomments&post=96"}],"version-history":[{"count":6,"href":"https:\/\/nemetiimrealapitvany.hu\/index.php?rest_route=\/wp\/v2\/pages\/96\/revisions"}],"predecessor-version":[{"id":117,"href":"https:\/\/nemetiimrealapitvany.hu\/index.php?rest_route=\/wp\/v2\/pages\/96\/revisions\/117"}],"wp:attachment":[{"href":"https:\/\/nemetiimrealapitvany.hu\/index.php?rest_route=%2Fwp%2Fv2%2Fmedia&parent=96"}],"curies":[{"name":"wp","href":"https:\/\/api.w.org\/{rel}","templated":true}]}}